1897
What are the prime factors of 146141319?
3, 1151, 42323
What are the prime factors of 286014818?
2, 53, 2698253
What are the prime factors of 768357633?
3, 293, 874127
List the prime factors of 127872888.
2, 3, 11, 13, 19, 37, 53
What are the prime factors of 607699661?
607699661
List the prime factors of 6523980428.
2, 7, 233, 757, 1321
What are the prime factors of 60775553?
60775553
What are the prime factors of 264909168?
2, 3, 1839647
List the prime factors of 52627993.
11, 53, 90271
List the prime factors of 3378001290.
2, 3, 5, 79, 431, 3307
List the prime factors of 168027352.
2, 853, 24623
List the prime factors of 92520564.
2, 3, 457, 16871
List the prime factors of 187143341.
7, 11, 23, 251, 421
List the prime factors of 68689788.
2, 3, 19, 73, 4127
What are the prime factors of 61042479?
3, 271, 75083
List the prime factors of 234855430.
2, 5, 97, 242119
What are the prime factors of 72806695?
5, 13, 823, 1361
What are the prime factors of 5643066901?
107, 52738943
List the prime factors of 121850723.
83, 661, 2221
What are the prime factors of 1383160971?
3, 461053657
List the prime factors of 51561592.
2, 19, 61, 67, 83
List the prime factors of 84228311.
19, 4433069
List the prime factors of 812893340.
2, 5, 7, 19, 149, 293
List the prime factors of 295721885.
5, 17, 47, 79, 937
List the prime factors of 2150778190.
2, 5, 11, 109, 179381
What are the prime factors of 226798036?
2, 1129, 50221
What are the prime factors of 500816026?
2, 227, 1103119
List the prime factors of 52517120.
2, 5, 89, 461
List the prime factors of 63479905.
5, 2213, 5737
List the prime factors of 113961087.
3, 1406927
List the prime factors of 141535777.
113, 139, 9011
List the prime factors of 4681066022.
2, 41, 57086171
What are the prime factors of 3297365?
5, 659473
What are the prime factors of 83797651?
7, 157, 76249
What are the prime factors of 170417760?
2, 3, 5, 355037
List the prime factors of 1204956107.
17, 7727, 9173
List the prime factors of 4754066468.
2, 2477, 479821
List the prime factors of 2618762664.
2, 3, 7, 2226839
What are the prime factors of 1217573462?
2, 7, 71, 174989
What are the prime factors of 23225743?
23225743
What are the prime factors of 944213879?
7, 47, 409993
List the prime factors of 108329857.
43, 83, 127, 239
List the prime factors of 105254922.
2, 3, 17, 1031911
List the prime factors of 47027034.
2, 3, 870871
List the prime factors of 1243465661.
1243465661
What are the prime factors of 80766749?
7, 31, 53171
What are the prime factors of 59209915?
5, 1607, 7369
What are the prime factors of 485471106?
2, 3, 26970617
List the prime factors of 329934695.
5, 65986939
List the prime factors of 44595034.
2, 11, 127, 1451
List the prime factors of 259741266.
2, 3, 17, 947, 2689
What are the prime factors of 333091264?
2, 11, 473141
What are the prime factors of 37156108?
2, 11, 844457
What are the prime factors of 1515832407?
3, 19, 29, 101891
List the prime factors of 384125526.
2, 3, 31, 688397
What are the prime factors of 87942831?
3, 547, 53591
What are the prime factors of 22956305?
5, 569, 8069
What are the prime factors of 775195030?
2, 5, 73, 1061911
What are the prime factors of 85213981?
151, 379, 1489
What are the prime factors of 202504027?
11, 107, 15641
What are the prime factors of 546039670?
2, 5, 11, 19, 61, 4283
What are the prime factors of 1445157264?
2, 3, 761, 39563
List the prime factors of 212279773.
367, 578419
What are the prime factors of 232058284?
2, 1447, 40093
List the prime factors of 236867266.
2, 37, 3200909
What are the prime factors of 630553537?
103, 6121879
What are the prime factors of 2397271722?
2, 3, 41, 113, 86239
List the prime factors of 404400434.
2, 202200217
What are the prime factors of 1610243997?
3, 536747999
What are the prime factors of 81473404?
2, 97, 209983
List the prime factors of 1226506700.
2, 5, 12265067
List the prime factors of 24824890.
2, 5, 149, 16661
What are the prime factors of 291941949?
3, 13, 7485691
What are the prime factors of 114966628?
2, 7, 409, 10039
What are the prime factors of 1800545116?
2, 89, 5057711
List the prime factors of 48480272.
2, 3030017
What are the prime factors of 4445742766?
2, 2222871383
List the prime factors of 80894155.
5, 16178831
List the prime factors of 55069736.
2, 6883717
What are the prime factors of 428015313?
3, 11, 83, 97, 179
What are the prime factors of 44934998?
2, 379, 59281
List the prime factors of 94535747.
94535747
List the prime factors of 378568500.
2, 3, 5, 23, 10973
What are the prime factors of 255296690?
2, 5, 11, 101, 2089
What are the prime factors of 1374145839?
3, 11, 13880261
List the prime factors of 199585117.
17, 491, 23911
List the prime factors of 1237093064.
2, 163, 383, 2477
List the prime factors of 31495441.
17, 23, 109, 739
List the prime factors of 5758384731.
3, 11, 174496507
List the prime factors of 56847900.
2, 3, 5, 189493
List the prime factors of 438451076.
2, 7, 15658967
List the prime factors of 2866997808.
2, 3, 1277, 5197
What are the prime factors of 77193222?
2, 3, 12865537
List the prime factors of 2332767631.
2332767631
What are the prime factors of 46136507?
46136507
What are the prime factors of 1906120623?
3, 11, 1847, 2843
What are the prime factors of 48429465?
3, 5, 7, 461233
What are the prime factors of 59996116?
2, 14999029
List the prime factors of 59412072.
2, 3, 73, 33911
List the prime factors of 28347725.
5, 7, 73, 317
What are the prime factors of 286845574?
2, 143422787
List the prime factors of 57806315.
5, 7, 1651609
List the prime factors of 677570812.
2, 9587, 17669
What are the prime factors of 144897102?
2, 3, 7, 23, 49999
What are the prime factors of 34183333?
67, 510199
List the prime factors of 2767896767.
47963, 57709
List the prime factors of 173248327.
7, 19, 1009, 1291
List the prime factors of 79791743.
457, 174599
What are the prime factors of 39663904?
2, 7, 113, 1567
What are the prime factors of 1382707245?
3, 5, 92180483
List the prime factors of 1576613169.
3, 109, 1607149
What are the prime factors of 6008673717?
3, 2237, 33161
What are the prime factors of 62173208?
2, 7771651
What are the prime factors of 6776027140?
2, 5, 338801357
What are the prime factors of 186859576?
2, 547, 42701
List the prime factors of 29811884.
2, 29, 233, 1103
List the prime factors of 2326204108.
2, 4273, 136099
What are the prime factors of 425401544?
2, 53175193
List the prime factors of 57432132.
2, 3, 67, 7937
List the prime factors of 70639252.
2, 3089, 5717
What are the prime factors of 1556244053?
7, 13, 17101583
What are the prime factors of 41357494?
2, 373, 55439
What are the prime factors of 760172709?
3, 253390903
What are the prime factors of 325888062?
2, 3, 17, 3194981
List the prime factors of 67066494.
2, 3, 11, 1016159
What are the prime factors of 25619908?
2, 757, 8461
List the prime factors of 637930076.
2, 7, 359, 63463
What are the prime factors of 112860390?
2, 3, 5, 107, 35159
What are the prime factors of 257696829?
3, 13, 17, 19, 2273
List the prime factors of 298339756.
2, 11, 13, 53, 757
What are the prime factors of 212006936?
2, 29, 277, 3299
What are the prime factors of 81363935?
5, 61, 266767
What are the prime factors of 1931366687?
2861, 675067
List the prime factors of 1160232156.
2, 3, 313, 102967
What are the prime factors of 157133254?
2, 1879, 41813
List the prime factors of 5620194879.
3, 13, 31, 357587
List the prime factors of 205041531.
3, 37, 1847221
List the prime factors of 146820815.
5, 241, 121843
What are the prime factors of 1841317886?
2, 920658943
What are the prime factors of 77569035?
3, 5, 47, 2341
What are the prime factors of 116668917?
3, 223, 2153
What are the prime factors of 1724968027?
73, 23629699
List the prime factors of 4370729513.
4370729513
List the prime factors of 4508946905.
5, 19, 67, 113, 6269
What are the prime factors of 17336042?
2, 727, 11923
List the prime factors of 1096881965.
5, 219376393
What are the prime factors of 5797588?
2, 349, 4153
What are the prime factors of 46159475?
5, 1846379
List the prime factors of 873515162.
2, 13, 33596737
What are the prime factors of 828161393?
828161393
List the prime factors of 39437645.
5, 13, 606733
What are